 = 8, 5*n = -h + 44. Let u = -5 + n. Suppose 0 = -u*r + 15 + 21. List the prime factors of r.
2, 3
Let b(g) = 3*g**3 - 2*g**2 + 2*g - 1. Let m be b(1). What are the prime factors of m/(28/13 + -2)?
13
Let d(g) = -g + 46*g**3 - 1 + 0*g**2 + 51*g**3 + 0*g + g**2. Let f be d(-1). What are the prime factors of (-6)/(-21) - f/7?
2, 7
Let k be -9*(-2 + (-16)/(-6)). What are the prime factors of k/((9/(-6))/1)?
2
Suppose -z + 4*z = 2*r - 1, 2*r - 2*z - 2 = 0. List the prime factors of r.
2
Suppose -3*z + 18 = -3*d, -4*d = 3*z + d - 50. List the prime factors of z.
2, 5
Suppose 3*l = 0, -2*l + 12 - 44 = -2*a. Suppose 11 = 5*i + v + v, -a = -4*i + 2*v. Suppose -i*q = q - 56. What are the prime factors of q?
2, 7
Let d(r) = 9*r**2 + 3*r + 3. What are the prime factors of d(-5)?
3, 71
Suppose 0 = -4*r + 5*x + 43, 5*r = -2*x + 3*x + 80. What are the prime factors of r?
17
Let a be 14/6 + (-4)/12. What are the prime factors of 2/a*3 + 10?
13
Let d(w) = w**3 - 6*w**2 + 5*w. Let h be d(4). Let p = -2 + h. Let v = -7 - p. What are the prime factors of v?
7
Let t = -3 - -7. Let n be 78/21 - t/(-14). Suppose n*i + 4*a - 3*a - 11 = 0, 0 = -5*i + 3*a + 1. What are the prime factors of i?
2
Let f(w) = -w**2 + 5*w + 1. Let g be f(5). Suppose 0 = -n + 5*x + 44 + g, x - 87 = -3*n. What are the prime factors of ((-36)/n)/(3/(-40))?
2
What are the prime factors of 3/(-25)*-5*455?
3, 7, 13
Let y = 69 - -25. List the prime factors of y.
2, 47
Let w(j) = -j + 2. List the prime factors of w(-15).
17
Let l be -1*(0 + (-6 - -3)). Let z be l/15 - 28/(-10). List the prime factors of (-1)/(z/(-24))*1.
2
Let d = -27 + 8. List the prime factors of d*(-1 + -3 + 2).
2, 19
Let w = 2 - -9. Let u(t) = -2*t + 4*t**3 - w*t**3 + t. List the prime factors of u(-1).
2
Let q(l) = l**3 + 5*l**2 + 3*l. Let g be q(-4). Suppose 52 = 4*s + 2*n, 3*s - g*n = -s + 28. List the prime factors of s.
11
Let r be (-2*1)/2 - 4. Let d = r - 5. Let h = d + 18. What are the prime factors of h?
2
Suppose -3*j = -6*j + 279. List the prime factors of j.
3, 31
Suppose -2*v + 36 = -12. What are the prime factors of v?
2, 3
Let w(r) = -r**2 - r + 64. Let h be w(0). Let g = h + -46. Suppose i + i = g. What are the prime factors of i?
3
Let u(y) = -y**2 + 8*y - 6. Let x be u(6). List the prime factors of (-3 + x)*(-22)/(-3).
2, 11
Let j = 21 - 15. Suppose 2*p + 0*p = j. Suppose p*v - 19 = 5*t - 62, 2*t - 13 = -3*v. What are the prime factors of t?
2
Let m(x) = 5*x**3 + 12*x**2 + 9*x + 7. Let f(p) = 14*p**3 + 35*p**2 + 26*p + 20. Let k(i) = 4*f(i) - 11*m(i). List the prime factors of k(-7).
17
Let w = -29 + 65. List the prime factors of w.
2, 3
Suppose -4*t = 235 - 55. Let w = t - -80. Let o = w - 25. What are the prime factors of o?
2, 5
Let m be (-4)/3*6/(-4). Let f(d) = d**2 - d + 2. Let g be f(m). Let n = 0 + g. What are the prime factors of n?
2
Suppose -b + q + 17 = 0, 3*b - 10 = -5*q + 41. Let u = b + -2. List the prime factors of u.
3, 5
Suppose -x = -2*x. Suppose g = -x*g + 5. List the prime factors of g.
5
Let a(l) = 3*l. Let g be a(6). Suppose s - 5*s + 2*q + 18 = 0, -s - 4*q = g. List the prime factors of s.
2
Let n(w) = 2*w + 4. Let s be n(6). Suppose -u = -5*u + 2*v - 40, -2*v - 23 = 3*u. What are the prime factors of u/6*s/(-3)?
2
Let c(v) = v + 8. Suppose 30 = -6*g + g. Let i be c(g). Suppose 16 = i*k - 0*q + 2*q, -2*q = 4*k - 24. What are the prime factors of k?
2
Suppose -g - 2*g - 15 = 0. Let u(c) = -9*c - 12. What are the prime factors of u(g)?
3, 11
Let p(w) = 2*w - 1. Let m(f) = -f - 1. Let x(a) = 4*m(a) + p(a). Let b be x(-4). List the prime factors of 1/(123/(-42) + b).
2, 7
Let k(p) = p**3. Suppose 3*j - 8 = -4*g, 3*j + 4 = -2*g + 4*g. List the prime factors of k(g).
2
Suppose 2*s + 7 = -5. What are the prime factors of ((-44)/s)/(7/21)?
2, 11
Let f = 135 + -67. What are the prime factors of f?
2, 17
Let i(j) = -j + 6. Let p be i(0). Let d be (-3)/p - (-2)/4. Suppose -10 = -2*o, 3*o = 2*f - d*f + 9. List the prime factors of f.
3
Let f(z) = -z**2 + 13*z + 4. What are the prime factors of f(13)?
2
Let k = 12 - 7. Let n be ((-1)/1)/(k/(-35)). Let p = n + -2. List the prime factors of p.
5
Suppose 5*b - 9*b + 8 = 0. Let k(j) = 5*j**3 + 2*j - 1. List the prime factors of k(b).
43
Suppose -2*n + 2*h - 34 = -0*n, n + 4*h = 8. Let j(p) = p**2 + 10*p - 7. What are the prime factors of j(n)?
17
Suppose -l - 648 = -3*x, -x - l + 177 = -35. Suppose -5*b + 2*h = -x, 3*b - 5*h - 143 = -h. What are the prime factors of b?
41
Let h be (2 + 0 + -3)*-35. Suppose -2*l - 3*l = -h. List the prime factors of l.
7
Let v = 27 + -23. Suppose -141 = -v*s + u, -4*s + 72 = u - 75. What are the prime factors of s?
2, 3
Let r = -30 - -9. What are the prime factors of ((-6)/9)/(2/r)?
7
Let q be 0/(2/1 + -5). Suppose -2*x - 3*n - 19 = -x, q = 3*x - 2*n + 46. Let j = x + 26. What are the prime factors of j?
2, 5
Suppose 0 = -2*t - 1 + 5. Let o = -2 + t. List the prime factors of o - -3*3 - -2.
11
Let i(w) = 4*w**3 - w + 1. Let f be i(1). Let z = 2 - f. Let o = z + 5. List the prime factors of o.
3
Let w(b) = b + 18. Suppose -41 = -2*h + 5*k, -h + 2*h - 3*k = 22. List the prime factors of w(h).
31
Let w = 1 - -1. Suppose -2*i - 5*k + 43 = 0, -7*i + w*i = 3*k - 60. Suppose 4*b = 2*t - 8, -4*t + 13 = -2*b - i. What are the prime factors of t?
2, 3
Let l = -2 + -5. Let f = 0 - l. Suppose 0 = a + 3*g + f, 0*a - 6 = 2*a + 4*g. List the prime factors of a.
5
Let f be 2/((-4)/6) + 24. Suppose -30 = -3*m + f. List the prime factors of m.
17
What are the prime factors of (-9994)/(-95) + 1/(-5)?
3, 5, 7
Suppose -24 = -5*w - 84. Let v(a) = -a + 20. Let p be v(0). Let t = p + w. List the prime factors of t.
2
Suppose 12 = 5*j - 8. Let w(m) = -m**2 + 4*m - 5. Let p be w(j). Let h = p - -13. List the prime factors of h.
2
Suppose i - 5 = 0, -4*y + 4*i = -0*i + 8. Suppose -5*v + 0*v + y*p - 26 = 0, 9 = -3*p. Let x(g) = g**2 + 5*g + 3. List the prime factors of x(v).
17
Let w(b) be the first derivative of -b**2/2 + 4*b + 3. Let t be w(8). What are the prime factors of (-136)/(-14) - t/14?
2, 5
Suppose -5*r - 3*o = -146, -5*r + 158 = -o - 0*o. Let t = r - 16. List the prime factors of t.
3, 5
Let v(d) = 3*d**2 - 1. Let u be v(-1). Suppose -u*o + 0*o + 48 = 0. What are the prime factors of o?
2, 3
Let c be 2/4*1*50. Let r be (2 - 3) + 0 - 13. Let f = r + c. List the prime factors of f.
11
Suppose t - 9 = -5*p, -2*p + 7*p = t + 11. Let b(s) be the third derivative of s**5/20 + s**3/6 + s**2. What are the prime factors of b(t)?
2
Suppose -3*v = -4*z - v - 2, -5*z = 5*v - 35. Suppose 2*d = 5*x + 5, -z + 37 = 3*d - 2*x. List the prime factors of d.
3, 5
Let q be -3*3/(-9) - -23. What are the prime factors of 130/8 - (-18)/q?
17
Let l(i) = i**2 + i - 1. Let a(r) = r**3 - r**2. Let v be a(2). Suppose -1 = -v*z + 7. List the prime factors of l(z).
5
List the prime factors of (-3)/9 - (-1 + 1803/(-9)).
3, 67
Let q(v) = -11*v + 57. List the prime factors of q(-8).
5, 29
Let l = 35 + -5. Suppose 2*n = -3*g + l, 2*g + g - n - 30 = 0. What are the prime factors of g?
2, 5
Let g(z) = 6*z - 2. List the prime factors of g(3).
2
Suppose n = -r - 0*r + 6, 27 = 4*r + 5*n. Suppose -r*p - 13 = -4*p. What are the prime factors of p?
13
What are the prime factors of (-136)/(-5) - 8/40?
3
Let n(v) = -v**3 + v**2 + v + 37. Let c be n(0). Suppose 5*h + y - 44 - 41 = 0, -c = -2*h - y. List the prime factors of 4/h + (-142)/(-8).
2, 3
Suppose 4*p + p + 20 = 0, 5*p = 2*f - 16. Let u(q) = -5*q**3 - 1. What are the prime factors of u(f)?
3, 13
Let g = 8 + -13. Suppose -o + 2*c = -7 + 38, -o - 2*c - 47 = 0. What are the prime factors of (-1)/(-5) + o/g?
2
Suppose 0*x + 4*x = -c + 194, 3*c = -3*x + 618. List the prime factors of c.
2, 3, 5, 7
Let f(w) = w**2 - 2*w + 5. Let k be f(0). Suppose -2*g + 95 = -3*m, -g = -6*g + k*m + 230. What are the prime factors of g?
43
Let r be 9 + -10 + 0/2. Let b = 18 + r. List the prime factors of b.
17
Let v be 30 - 1/(2/(-4)). Let h = 18 - 15. Suppose h*w = -w + v. List the prime factors of w.
2
Let q(h) = h**2 - 3*h + 3. Let m be (0/2)/(-3 + 2). Suppose b + m*b = 5. List the prime factors of q(b).
13
Let g = 38 - 12. What are the prime factors of g?
2, 13
Let g = 46 - -18. List the prime factors of g.
2
Suppose 0 = c - 0 + 7. Let 